{"id":14983,"date":"2022-11-03T14:46:28","date_gmt":"2022-11-03T17:46:28","guid":{"rendered":"https:\/\/www.ovg.org.br\/site\/?page_id=14983"},"modified":"2023-04-26T08:39:45","modified_gmt":"2023-04-26T11:39:45","slug":"14983-2","status":"publish","type":"page","link":"https:\/\/www.ovg.org.br\/site\/?page_id=14983","title":{"rendered":"CENTRAL DO CANDIDATO 2023\/1"},"content":{"rendered":"\n<p class=\"has-black-color has-text-color\"><strong>INSCRI\u00c7\u00d5ES PROCESSO SELETIVO 2023\/1<\/strong><\/p>\n\n\n\n<p class=\"has-black-color has-text-color\">O Programa Universit\u00e1rio do Bem (ProBem) est\u00e1 com edital aberto para <strong>5.000 (cinco mil)<\/strong> novas bolsas oferecidas para estudantes universit\u00e1rios em situa\u00e7\u00e3o de vulnerabilidade social de todos os 246 munic\u00edpios goianos.<\/p>\n\n\n\n<p class=\"has-black-color has-text-color\"><strong>Para participar, o candidato precisa:<\/strong><\/p>\n\n\n\n<ul class=\"has-black-color has-text-color wp-block-list\">\n<li>Residir no Estado de Goi\u00e1s;<\/li>\n\n\n\n<li>Estar inscrito no Cadastro \u00danico;<\/li>\n\n\n\n<li>Ter v\u00ednculo com uma Institui\u00e7\u00e3o de Ensino Superior cadastrada no ProBem em curso superior de gradua\u00e7\u00e3o, na modalidade presencial;<\/li>\n\n\n\n<li>N\u00e3o frequentar curso superior \u00e0 dist\u00e2ncia, semipresencial ou EAD;<\/li>\n\n\n\n<li>N\u00e3o ter condi\u00e7\u00f5es financeiras, ou seja, que se encontra em situa\u00e7\u00e3o de vulnerabilidade atestado pelo indicador multidimensional de pobreza;<\/li>\n\n\n\n<li>Estar cursando a primeira gradua\u00e7\u00e3o.<\/li>\n<\/ul>\n\n\n\n<p class=\"has-black-color has-text-color\"><strong>Crit\u00e9rios de sele\u00e7\u00e3o:<\/strong><\/p>\n\n\n\n<p class=\"has-black-color has-text-color\">A sele\u00e7\u00e3o dos candidatos \u00e9 realizada a partir de an\u00e1lise multidimensional da pobreza. Para tanto, \u00e9 utilizado o \u00cdndice Multidimensional de Car\u00eancias das Fam\u00edlias Ampliado (IMCF-A), constru\u00eddo com base nas diversas vulnerabilidades das fam\u00edlias inscritas no Cadastro \u00danico (Cad\u00danico).<\/p>\n\n\n\n<p class=\"has-black-color has-text-color\">Os candidatos ser\u00e3o classificados em ordem decrescente, conforme valor do \u00edndice, considerando as seguintes dimens\u00f5es:<\/p>\n\n\n\n<p class=\"has-black-color has-text-color\">\u2013 Perfil e composi\u00e7\u00e3o familiar;<br>\u2013 Restri\u00e7\u00f5es de acesso ao trabalho e renda;<br>\u2013 Falta de acesso ao conhecimento e escolaridade;<br>\u2013 Escassez de recursos (priva\u00e7\u00f5es de acesso a bens e servi\u00e7os necess\u00e1rios \u00e0s fam\u00edlias);<br>\u2013 Car\u00eancias habitacionais (condi\u00e7\u00f5es de moradia).<\/p>\n\n\n\n<p class=\"has-black-color has-text-color\"><strong>Documentos Dispon\u00edveis:<\/strong><\/p>\n\n\n\n<p class=\"has-vivid-purple-color has-text-color\"><a href=\"https:\/\/www.ovg.org.br\/site\/wp-content\/uploads\/2022\/11\/Edital-3-2022-PROBEM-Processo-Seletivo-2023-1-retificacao-1.pdf\" target=\"_blank\" rel=\"noreferrer noopener\"><strong><u>Edital N\u00ba 3\/2022 &#8211; Processo Seletivo 2023\/1 &#8211; Retificado<\/u><\/strong><\/a><\/p>\n\n\n\n<p class=\"has-vivid-purple-color has-text-color\"><a rel=\"noreferrer noopener\" href=\"https:\/\/www.ovg.org.br\/site\/wp-content\/uploads\/2022\/11\/Retificacao-1-ao-Edital-3-2022-PROBEM-PS-2023-1.pdf\" target=\"_blank\"><strong><u>Retifica\u00e7\u00e3o N\u00ba 1\/2022 ao Edital N\u00ba 3\/2022 &#8211; Processo Seletivo 2023\/1<\/u><\/strong><\/a><\/p>\n\n\n\n<p class=\"has-vivid-purple-color has-text-color\"><a rel=\"noreferrer noopener\" href=\"https:\/\/www.ovg.org.br\/site\/wp-content\/uploads\/2023\/03\/RESOLUCAO-No-001-2023-E-LISTAGEM-DE-CONVOCADOS-DO-CADASTRO-RESERVA-2023.1.pdf\" target=\"_blank\"><strong>Resolu\u00e7\u00e3o de Convoca\u00e7\u00e3o de Cadastro Reserva &#8211; 2\u00aa Convoca\u00e7\u00e3o<\/strong><\/a><\/p>\n\n\n\n<p class=\"has-vivid-purple-color has-text-color\"><a href=\"https:\/\/www.ovg.org.br\/site\/wp-content\/uploads\/2021\/04\/cartilha-probem-cadastro-unico-03_2.pdf\" target=\"_blank\" rel=\"noreferrer noopener\"><u><strong>Cartilha Cadastro \u00danico<\/strong><\/u><\/a><\/p>\n\n\n\n<p class=\"has-vivid-purple-color has-text-color\"><u><a href=\"https:\/\/www.ovg.org.br\/site\/wp-content\/uploads\/2022\/01\/NOTA-METODOLOGICA-IMCF-A-ATUALIZADO-NOVEMBRO-2021.pdf\" target=\"_blank\" rel=\"noreferrer noopener\"><strong>Nota Metodol\u00f3gica do \u00cdndice Multidimensional de Car\u00eancias das Fam\u00edlias Ampliado (IMCF-A)<\/strong><\/a><\/u><\/p>\n\n\n\n<p class=\"has-vivid-purple-color has-text-color\"><strong><u><a href=\"https:\/\/www.ovg.org.br\/site\/wp-content\/uploads\/2022\/11\/IMB-Informe-tecnico-Indices-de-prioridades-PROBEM.pdf\" target=\"_blank\" rel=\"noreferrer noopener\">Atualiza\u00e7\u00e3o dos \u00edndices de prioridade de cursos superiores para os &nbsp;programas do Governo do Estado de Goi\u00e1s<\/a><\/u><\/strong><\/p>\n\n\n\n<p class=\"has-vivid-purple-color has-text-color\"><strong><u><a href=\"https:\/\/www.ovg.org.br\/site\/wp-content\/uploads\/2023\/01\/PROBEM-Lista-de-Faculdades.pdf\">Rela\u00e7\u00e3o de Institui\u00e7\u00f5es de Ensino Superior Cadastradas<\/a><\/u><\/strong><\/p>\n\n\n\n<div>\n<!--\n<a class=\"wp-block-button__link has-white-color has-text-color has-background\" href=\"http:\/\/sistemas2.ovg.org.br\/inscricao_20231\" style=\"border-radius:64px;background-color:#816bae\">INSCREVA-SE<\/a>\n-->\n<a class=\"wp-block-button__link has-white-color has-text-color has-background\" href=\"http:\/\/sistemas.ovg.org.br\/inscricao_20231\/universitarios\/situacao\" style=\"border-radius:64px;background-color:#816bae\">Consulta Inscri\u00e7\u00e3o<\/a>\n<\/div>\n<br>\n<div>\n<a class=\"wp-block-button__link has-white-color has-text-color has-background\" href=\"https:\/\/www.ovg.org.br\/site\/wp-content\/uploads\/2023\/02\/ProBem-Contemplados-2023-1.pdf\" target=\"_blank\" style=\"border-radius:64px;background-color:#816bae\" rel=\"noopener\">Lista de Contemplados 1\u00aa chamada<\/a>\n<\/div>\n<br>\n<div>\n<a class=\"wp-block-button__link has-white-color has-text-color has-background\" href=\"https:\/\/www.ovg.org.br\/site\/wp-content\/uploads\/2023\/03\/ProBem_Contemplados_2a_chamada.pdf\" target=\"_blank\" style=\"border-radius:64px;background-color:#816bae\" rel=\"noopener\">Lista de Contemplados 2\u00aa chamada<\/a>\n<\/div>\n<br>\n<div>\n<a class=\"wp-block-button__link has-white-color has-text-color has-background\" href=\"https:\/\/www.ovg.org.br\/site\/wp-content\/uploads\/2023\/03\/ProBem_Contemplados_3a_chamada-2.pdf\" target=\"_blank\" style=\"border-radius:64px;background-color:#816bae\" rel=\"noopener\">Lista de Contemplados 3\u00aa chamada<\/a>\n<\/div>\n\n\n\n<p><\/p>\n\n\n<p class=\"has-black-color has-text-color\"><strong>CENTRAL DE RELACIONAMENTO PROBEM<\/strong><br>&nbsp;0800 062 9413<br>&nbsp;62 3201-9351<br>&nbsp;<a href=\"https:\/\/web.whatsapp.com\/send\/?phone=5562996416090&amp;text=Ol%C3%A1%2C+pode+me+passar+mais+informa%C3%A7%C3%B5es+sobre+o+Processo+Seletivo+do+ProBem&amp;type=phone_number&amp;app_absent=0\"><span class=\"has-vivid-purple-color has-text-color\">62 99641-6090<\/span><\/a> (WhatsApp)<\/p>\n<p><\/p>\n<p><strong>ProBem Processos Seletivos Anteriores<\/strong>: <strong><a href=\"https:\/\/www.ovg.org.br\/site\/?page_id=4876\">2022\/2<\/a><\/strong> &#8211; <a href=\"https:\/\/www.ovg.org.br\/site\/?transparencia=relacao-de-beneficiados-probem\">Outras refer\u00eancias<\/a><\/p>","protected":false},"excerpt":{"rendered":"<p>INSCRI\u00c7\u00d5ES PROCESSO SELETIVO 2023\/1 O Programa Universit\u00e1rio do Bem (ProBem) est\u00e1 com edital aberto para 5.000 (cinco mil) novas bolsas oferecidas para estudantes universit\u00e1rios em situa\u00e7\u00e3o de vulnerabilidade social de&hellip;<\/p>\n","protected":false},"author":2,"featured_media":0,"parent":0,"menu_order":0,"comment_status":"closed","ping_status":"closed","template":"","meta":{"_acf_changed":false,"footnotes":""},"class_list":["post-14983","page","type-page","status-publish","hentry"],"acf":[],"_links":{"self":[{"href":"https:\/\/www.ovg.org.br\/site\/index.php?rest_route=\/wp\/v2\/pages\/14983","targetHints":{"allow":["GET"]}}],"collection":[{"href":"https:\/\/www.ovg.org.br\/site\/index.php?rest_route=\/wp\/v2\/pages"}],"about":[{"href":"https:\/\/www.ovg.org.br\/site\/index.php?rest_route=\/wp\/v2\/types\/page"}],"author":[{"embeddable":true,"href":"https:\/\/www.ovg.org.br\/site\/index.php?rest_route=\/wp\/v2\/users\/2"}],"replies":[{"embeddable":true,"href":"https:\/\/www.ovg.org.br\/site\/index.php?rest_route=%2Fwp%2Fv2%2Fcomments&post=14983"}],"version-history":[{"count":39,"href":"https:\/\/www.ovg.org.br\/site\/index.php?rest_route=\/wp\/v2\/pages\/14983\/revisions"}],"predecessor-version":[{"id":16895,"href":"https:\/\/www.ovg.org.br\/site\/index.php?rest_route=\/wp\/v2\/pages\/14983\/revisions\/16895"}],"wp:attachment":[{"href":"https:\/\/www.ovg.org.br\/site\/index.php?rest_route=%2Fwp%2Fv2%2Fmedia&parent=14983"}],"curies":[{"name":"wp","href":"https:\/\/api.w.org\/{rel}","templated":true}]}}