{"id":23250,"date":"2024-10-02T10:39:26","date_gmt":"2024-10-02T13:39:26","guid":{"rendered":"https:\/\/www.ovg.org.br\/site\/?p=23250"},"modified":"2025-01-14T15:00:32","modified_gmt":"2025-01-14T18:00:32","slug":"beneficios-socioassistenciais","status":"publish","type":"page","link":"https:\/\/www.ovg.org.br\/site\/?page_id=23250","title":{"rendered":"Benef\u00edcios Socioassistenciais"},"content":{"rendered":"\n<p><\/p>\n\n\n\n<p class=\"has-black-color has-text-color has-link-color wp-elements-2ae34d5e963fca9dcafe8e9c7760b6c4\"><a href=\"https:\/\/www.ovg.org.br\/site\/wp-content\/uploads\/2025\/01\/Perguntas-e-Respostas_GBS-Beneficios_Jan_2025-2.pdf\">Ger\u00eancia de Benef\u00edcios Sociais: Oferta de Benef\u00edcios Socioassistenciais<\/a><br><a href=\"https:\/\/www.ovg.org.br\/site\/wp-content\/uploads\/2024\/10\/Campanha-Aquecendo-Vidas.pdf\">Campanha Aquecendo Vidas<\/a><\/p>\n","protected":false},"excerpt":{"rendered":"<p>Ger\u00eancia de Benef\u00edcios Sociais: Oferta de Benef\u00edcios SocioassistenciaisCampanha Aquecendo Vidas<\/p>\n","protected":false},"author":2,"featured_media":0,"parent":0,"menu_order":0,"comment_status":"closed","ping_status":"closed","template":"","meta":{"_acf_changed":false,"footnotes":""},"class_list":["post-23250","page","type-page","status-publish","hentry"],"acf":[],"_links":{"self":[{"href":"https:\/\/www.ovg.org.br\/site\/index.php?rest_route=\/wp\/v2\/pages\/23250","targetHints":{"allow":["GET"]}}],"collection":[{"href":"https:\/\/www.ovg.org.br\/site\/index.php?rest_route=\/wp\/v2\/pages"}],"about":[{"href":"https:\/\/www.ovg.org.br\/site\/index.php?rest_route=\/wp\/v2\/types\/page"}],"author":[{"embeddable":true,"href":"https:\/\/www.ovg.org.br\/site\/index.php?rest_route=\/wp\/v2\/users\/2"}],"replies":[{"embeddable":true,"href":"https:\/\/www.ovg.org.br\/site\/index.php?rest_route=%2Fwp%2Fv2%2Fcomments&post=23250"}],"version-history":[{"count":5,"href":"https:\/\/www.ovg.org.br\/site\/index.php?rest_route=\/wp\/v2\/pages\/23250\/revisions"}],"predecessor-version":[{"id":24481,"href":"https:\/\/www.ovg.org.br\/site\/index.php?rest_route=\/wp\/v2\/pages\/23250\/revisions\/24481"}],"wp:attachment":[{"href":"https:\/\/www.ovg.org.br\/site\/index.php?rest_route=%2Fwp%2Fv2%2Fmedia&parent=23250"}],"curies":[{"name":"wp","href":"https:\/\/api.w.org\/{rel}","templated":true}]}}