{"id":4888,"date":"2021-04-14T11:10:49","date_gmt":"2021-04-14T14:10:49","guid":{"rendered":"http:\/\/www.ovg.org.br\/site\/?page_id=4888"},"modified":"2025-08-08T11:42:36","modified_gmt":"2025-08-08T14:42:36","slug":"banco-de-oportunidades","status":"publish","type":"page","link":"https:\/\/www.ovg.org.br\/site\/?page_id=4888","title":{"rendered":"BANCO DE OPORTUNIDADES"},"content":{"rendered":"\n<p>O Banco de Oportunidades \u00e9 uma ferramenta exclusiva dentro do Programa Universit\u00e1rio do Bem \u2013 ProBem, projetado para impulsionar o seu desenvolvimento profissional.<\/p>\n\n\n\n<p>Voc\u00ea encontrar\u00e1 oportunidades de est\u00e1gio, cursos de aperfei\u00e7oamento e participa\u00e7\u00e3o em a\u00e7\u00f5es sociais, abrindo portas para o mercado de trabalho e enriquecendo sua jornada acad\u00eamica.<\/p>\n\n\n\n<p><strong><span style=\"background-color:rgba(0, 0, 0, 0);color:#8160a5\" class=\"has-inline-color\"><strong>O que voc\u00ea encontrar\u00e1 no Banco de Oportunidades<\/strong><\/span><\/strong><\/p>\n\n\n\n<p><strong><span style=\"background-color:rgba(0, 0, 0, 0);color:#8160a5\" class=\"has-inline-color\"><strong>Participa\u00e7\u00e3o em A\u00e7\u00f5es Sociais<\/strong><\/span><\/strong><br>Fa\u00e7a parte de projetos sociais da OVG e do Estado de Goi\u00e1s, al\u00e9m da doa\u00e7\u00e3o de sangue, plaquetas ou cadastro como doador de medula \u00f3ssea.<\/p>\n\n\n\n<p><strong><mark style=\"background-color:rgba(0, 0, 0, 0);color:#8160a5\" class=\"has-inline-color\"><strong>Cursos de Aperfei\u00e7oamento<\/strong><\/mark><\/strong><br>Aprimore seus conhecimentos com cursos gratuitos oferecidos por institui\u00e7\u00f5es parceiras. Desenvolva habilidades que fazem a diferen\u00e7a na sua \u00e1rea de forma\u00e7\u00e3o.<\/p>\n\n\n\n<p><strong><mark style=\"background-color:rgba(0, 0, 0, 0);color:#8160a5\" class=\"has-inline-color\"><strong>Experi\u00eancia Profissional<\/strong><\/mark><\/strong><br>Coloque em pr\u00e1tica o que aprendeu em sala de aula. Participe de Processos Seletivos para Est\u00e1gios em \u00f3rg\u00e3os p\u00fablicos, empresas privadas, al\u00e9m da participa\u00e7\u00e3o em programas de inicia\u00e7\u00e3o cient\u00edfica e monitoria.<\/p>\n\n\n\n<p><strong><span style=\"background-color:rgba(0, 0, 0, 0);color:#8160a5\" class=\"has-inline-color\"><strong>Como participar:<\/strong><\/span><\/strong><\/p>\n\n\n\n<ul class=\"wp-block-list\">\n<li>Mantenha-se atualizado na Central de Informa\u00e7\u00f5es do Bolsista;<\/li>\n\n\n\n<li>Explore as oportunidades dispon\u00edveis semestralmente e escolha atividades alinhadas com seus interesses e metas;<\/li>\n\n\n\n<li>Cumpra os pontos atribu\u00eddos em experi\u00eancia profissional, cursos de aperfei\u00e7oamento e participa\u00e7\u00e3o em a\u00e7\u00f5es sociais.<\/li>\n<\/ul>\n\n\n\n<p><strong><span style=\"background-color:rgba(0, 0, 0, 0);color:#8160a5\" class=\"has-inline-color\"><strong>O compromisso com o seu sucesso<\/strong><\/span><\/strong><\/p>\n\n\n\n<p>Ao ser um benefici\u00e1rio do ProBem, voc\u00ea se compromete a explorar as atividades do Banco de Oportunidades. Essa \u00e9 a sua chance de ganhar experi\u00eancia, aprimorar suas habilidades profissionais e contribuir para a sociedade.<\/p>\n\n\n\n<p><strong><span style=\"background-color:rgba(0, 0, 0, 0);color:#8160a5\" class=\"has-inline-color\"><strong><strong>Conecte-se, Aprenda, Contribua \u2013 Transforme o Conhecimento em Futuro!<\/strong><\/strong><\/span><\/strong><\/p>\n\n\n\n<p><br><strong>\n\n<a href=\"https:\/\/www.ovg.org.br\/site\/wp-content\/uploads\/2021\/04\/Informativo-ProBem_Banco-de-oportunidades.pdf\" class=\"wp-block-button__link has-white-color has-text-color has-background\" style=\"border-radius: 64px; background-color: #816bae;\" target=_blank>Saiba mais sobre o Banco de Oportunidades<\/a><\/strong><\/p>\n\n\n\n<p><strong><mark style=\"background-color:rgba(0, 0, 0, 0);color:#8160a5\" class=\"has-inline-color\">Central de Relacionamento ProBem <\/mark><\/strong><\/p>\n\n\n\n<p>Atendimento de segunda a sexta das 08h \u00e0s 18h <\/p>\n\n\n\n<p>0800 062 9413 (interior)<\/p>\n\n\n\n<p>(62) 3270-8500 (Regi\u00e3o Metropolitana)<br>(62) 99641-6090 (WhatsApp)<\/p>\n\n\n\n<p>Endere\u00e7o: Pra\u00e7a Dr. Pedro Ludovico Teixeira, n\u00ba 26 (Antiga Chefatura de Pol\u00edcia &#8211; Pra\u00e7a C\u00edvica)<br>Setor Sul, Goi\u00e2nia &#8211; GO &#8211; CEP 74.083-012 (Localiza\u00e7\u00e3o)<\/p>\n","protected":false},"excerpt":{"rendered":"<p>O Banco de Oportunidades \u00e9 uma ferramenta exclusiva dentro do Programa Universit\u00e1rio do Bem \u2013 ProBem, projetado para impulsionar o seu desenvolvimento profissional. Voc\u00ea encontrar\u00e1 oportunidades de est\u00e1gio, cursos de&hellip;<\/p>\n","protected":false},"author":1,"featured_media":0,"parent":4874,"menu_order":0,"comment_status":"closed","ping_status":"closed","template":"","meta":{"_acf_changed":false,"footnotes":""},"class_list":["post-4888","page","type-page","status-publish","hentry"],"acf":[],"_links":{"self":[{"href":"https:\/\/www.ovg.org.br\/site\/index.php?rest_route=\/wp\/v2\/pages\/4888","targetHints":{"allow":["GET"]}}],"collection":[{"href":"https:\/\/www.ovg.org.br\/site\/index.php?rest_route=\/wp\/v2\/pages"}],"about":[{"href":"https:\/\/www.ovg.org.br\/site\/index.php?rest_route=\/wp\/v2\/types\/page"}],"author":[{"embeddable":true,"href":"https:\/\/www.ovg.org.br\/site\/index.php?rest_route=\/wp\/v2\/users\/1"}],"replies":[{"embeddable":true,"href":"https:\/\/www.ovg.org.br\/site\/index.php?rest_route=%2Fwp%2Fv2%2Fcomments&post=4888"}],"version-history":[{"count":20,"href":"https:\/\/www.ovg.org.br\/site\/index.php?rest_route=\/wp\/v2\/pages\/4888\/revisions"}],"predecessor-version":[{"id":27002,"href":"https:\/\/www.ovg.org.br\/site\/index.php?rest_route=\/wp\/v2\/pages\/4888\/revisions\/27002"}],"up":[{"embeddable":true,"href":"https:\/\/www.ovg.org.br\/site\/index.php?rest_route=\/wp\/v2\/pages\/4874"}],"wp:attachment":[{"href":"https:\/\/www.ovg.org.br\/site\/index.php?rest_route=%2Fwp%2Fv2%2Fmedia&parent=4888"}],"curies":[{"name":"wp","href":"https:\/\/api.w.org\/{rel}","templated":true}]}}

<p>O Banco de Oportunidades é uma ferramenta exclusiva dentro do Programa Universitário do Bem – ProBem, projetado para impulsionar o seu desenvolvimento profissional.</p>



<p>Você encontrará oportunidades de estágio, cursos de aperfeiçoamento e participação em ações sociais, abrindo portas para o mercado de trabalho e enriquecendo sua jornada acadêmica.</p>



<p><strong><span style="background-color:rgba(0, 0, 0, 0);color:#8160a5" class="has-inline-color"><strong>O que você encontrará no Banco de Oportunidades</strong></span></strong></p>



<p><strong><span style="background-color:rgba(0, 0, 0, 0);color:#8160a5" class="has-inline-color"><strong>Participação em Ações Sociais</strong></span></strong><br>Faça parte de projetos sociais da OVG e do Estado de Goiás, além da doação de sangue, plaquetas ou cadastro como doador de medula óssea.</p>



<p><strong><mark style="background-color:rgba(0, 0, 0, 0);color:#8160a5" class="has-inline-color"><strong>Cursos de Aperfeiçoamento</strong></mark></strong><br>Aprimore seus conhecimentos com cursos gratuitos oferecidos por instituições parceiras. Desenvolva habilidades que fazem a diferença na sua área de formação.</p>



<p><strong><mark style="background-color:rgba(0, 0, 0, 0);color:#8160a5" class="has-inline-color"><strong>Experiência Profissional</strong></mark></strong><br>Coloque em prática o que aprendeu em sala de aula. Participe de Processos Seletivos para Estágios em órgãos públicos, empresas privadas, além da participação em programas de iniciação científica e monitoria.</p>



<p><strong><span style="background-color:rgba(0, 0, 0, 0);color:#8160a5" class="has-inline-color"><strong>Como participar:</strong></span></strong></p>



<ul class="wp-block-list">
<li>Mantenha-se atualizado na Central de Informações do Bolsista;</li>



<li>Explore as oportunidades disponíveis semestralmente e escolha atividades alinhadas com seus interesses e metas;</li>



<li>Cumpra os pontos atribuídos em experiência profissional, cursos de aperfeiçoamento e participação em ações sociais.</li>
</ul>



<p><strong><span style="background-color:rgba(0, 0, 0, 0);color:#8160a5" class="has-inline-color"><strong>O compromisso com o seu sucesso</strong></span></strong></p>



<p>Ao ser um beneficiário do ProBem, você se compromete a explorar as atividades do Banco de Oportunidades. Essa é a sua chance de ganhar experiência, aprimorar suas habilidades profissionais e contribuir para a sociedade.</p>



<p><strong><span style="background-color:rgba(0, 0, 0, 0);color:#8160a5" class="has-inline-color"><strong><strong>Conecte-se, Aprenda, Contribua – Transforme o Conhecimento em Futuro!</strong></strong></span></strong></p>



<p><br><strong>

<a href="https://www.ovg.org.br/site/wp-content/uploads/2021/04/Informativo-ProBem_Banco-de-oportunidades.pdf" class="wp-block-button__link has-white-color has-text-color has-background" style="border-radius: 64px; background-color: #816bae;" target=_blank>Saiba mais sobre o Banco de Oportunidades</a></strong></p>



<p><strong><mark style="background-color:rgba(0, 0, 0, 0);color:#8160a5" class="has-inline-color">Central de Relacionamento ProBem </mark></strong></p>



<p>Atendimento de segunda a sexta das 08h às 18h </p>



<p>0800 062 9413 (interior)</p>



<p>(62) 3270-8500 (Região Metropolitana)<br>(62) 99641-6090 (WhatsApp)</p>



<p>Endereço: Praça Dr. Pedro Ludovico Teixeira, nº 26 (Antiga Chefatura de Polícia &#8211; Praça Cívica)<br>Setor Sul, Goiânia &#8211; GO &#8211; CEP 74.083-012 (Localização)</p>

<p>O Banco de Oportunidades é uma ferramenta exclusiva dentro do Programa Universitário do Bem – ProBem, projetado para impulsionar o seu desenvolvimento profissional. Você encontrará oportunidades de estágio, cursos de&hellip;</p>
