{"id":5998,"date":"2021-05-18T09:37:22","date_gmt":"2021-05-18T12:37:22","guid":{"rendered":"https:\/\/www.ovg.org.br\/site\/?page_id=5998"},"modified":"2025-03-10T14:57:51","modified_gmt":"2025-03-10T17:57:51","slug":"institucional","status":"publish","type":"page","link":"https:\/\/www.ovg.org.br\/site\/?page_id=5998","title":{"rendered":"Institucional"},"content":{"rendered":"\n<p class=\"has-black-color has-text-color has-link-color wp-elements-c4b910dbe5aa5322e4d60ede0f24c868\"><a href=\"https:\/\/www.ovg.org.br\/site\/wp-content\/uploads\/2025\/03\/Balanco-2023_A4-leitura-1.pdf\">Balan\u00e7o Social 2023<\/a><\/p>\n\n\n\n<p class=\"has-black-color has-text-color\"><a href=\"https:\/\/www.ovg.org.br\/site\/wp-content\/uploads\/2023\/04\/Balanco-2022-A4-v4-leitura.pdf\">Balan\u00e7o Social 2022<\/a><\/p>\n\n\n\n<p class=\"has-black-color has-text-color\"><a href=\"https:\/\/www.ovg.org.br\/site\/wp-content\/uploads\/2023\/03\/Balanco-2021-A4-v6.pdf\">Balan\u00e7o Social 2021<\/a><\/p>\n\n\n\n<p class=\"has-black-color has-text-color\"><a href=\"https:\/\/www.ovg.org.br\/site\/wp-content\/uploads\/2021\/05\/Balanco-Anual-2020.pdf\">Balan\u00e7o Social 2020<\/a><br><br><a href=\"https:\/\/www.ovg.org.br\/site\/wp-content\/uploads\/2021\/05\/balanCo-impressAo-grAfica-revisado_reduce.pdf\">Balan\u00e7o Social 2019<\/a><br><br><a href=\"https:\/\/www.ovg.org.br\/site\/wp-content\/uploads\/2021\/05\/balanco-2018-eletronico-publicacao-compressed.pdf\">Balan\u00e7o Social 2018<\/a><\/p>\n\n\n\n<p class=\"has-black-color has-text-color\"><a href=\"https:\/\/www.ovg.org.br\/site\/wp-content\/uploads\/2021\/05\/revista-movimento-cidadania_edicao-especial-70-anos.pdf\">Revista Movimento Cidadania &#8211; Edi\u00e7\u00e3o Especial OVG 70 anos<\/a><br><br><a href=\"https:\/\/www.ovg.org.br\/site\/wp-content\/uploads\/2021\/05\/balanco-social-2017.pdf\">Balan\u00e7o Social 2017<\/a><br><br><a href=\"https:\/\/www.ovg.org.br\/site\/wp-content\/uploads\/2021\/05\/revista_movimento_cidadania_janeiro_2017.pdf\">Revista Movimento Cidadania &#8211; janeiro de 2017<\/a><br><br><a href=\"https:\/\/www.ovg.org.br\/site\/wp-content\/uploads\/2021\/05\/balanco-2016-site-final.pdf\">Balan\u00e7o Social 2016<\/a><br><br><a href=\"https:\/\/www.ovg.org.br\/site\/wp-content\/uploads\/2021\/05\/balanco-social-site.pdf\">Balan\u00e7o Social 2015<\/a><\/p>\n","protected":false},"excerpt":{"rendered":"<p>Balan\u00e7o Social 2023 Balan\u00e7o Social 2022 Balan\u00e7o Social 2021 Balan\u00e7o Social 2020 Balan\u00e7o Social 2019 Balan\u00e7o Social 2018 Revista Movimento Cidadania &#8211; Edi\u00e7\u00e3o Especial OVG 70 anos Balan\u00e7o Social 2017&hellip;<\/p>\n","protected":false},"author":2,"featured_media":0,"parent":4251,"menu_order":3,"comment_status":"closed","ping_status":"closed","template":"","meta":{"_acf_changed":false,"footnotes":""},"class_list":["post-5998","page","type-page","status-publish","hentry"],"acf":[],"_links":{"self":[{"href":"https:\/\/www.ovg.org.br\/site\/index.php?rest_route=\/wp\/v2\/pages\/5998","targetHints":{"allow":["GET"]}}],"collection":[{"href":"https:\/\/www.ovg.org.br\/site\/index.php?rest_route=\/wp\/v2\/pages"}],"about":[{"href":"https:\/\/www.ovg.org.br\/site\/index.php?rest_route=\/wp\/v2\/types\/page"}],"author":[{"embeddable":true,"href":"https:\/\/www.ovg.org.br\/site\/index.php?rest_route=\/wp\/v2\/users\/2"}],"replies":[{"embeddable":true,"href":"https:\/\/www.ovg.org.br\/site\/index.php?rest_route=%2Fwp%2Fv2%2Fcomments&post=5998"}],"version-history":[{"count":10,"href":"https:\/\/www.ovg.org.br\/site\/index.php?rest_route=\/wp\/v2\/pages\/5998\/revisions"}],"predecessor-version":[{"id":25029,"href":"https:\/\/www.ovg.org.br\/site\/index.php?rest_route=\/wp\/v2\/pages\/5998\/revisions\/25029"}],"up":[{"embeddable":true,"href":"https:\/\/www.ovg.org.br\/site\/index.php?rest_route=\/wp\/v2\/pages\/4251"}],"wp:attachment":[{"href":"https:\/\/www.ovg.org.br\/site\/index.php?rest_route=%2Fwp%2Fv2%2Fmedia&parent=5998"}],"curies":[{"name":"wp","href":"https:\/\/api.w.org\/{rel}","templated":true}]}}

<p class="has-black-color has-text-color has-link-color wp-elements-c4b910dbe5aa5322e4d60ede0f24c868"><a href="https://www.ovg.org.br/site/wp-content/uploads/2025/03/Balanco-2023_A4-leitura-1.pdf">Balanço Social 2023</a></p>



<p class="has-black-color has-text-color"><a href="https://www.ovg.org.br/site/wp-content/uploads/2023/04/Balanco-2022-A4-v4-leitura.pdf">Balanço Social 2022</a></p>



<p class="has-black-color has-text-color"><a href="https://www.ovg.org.br/site/wp-content/uploads/2023/03/Balanco-2021-A4-v6.pdf">Balanço Social 2021</a></p>



<p class="has-black-color has-text-color"><a href="https://www.ovg.org.br/site/wp-content/uploads/2021/05/Balanco-Anual-2020.pdf">Balanço Social 2020</a><br><br><a href="https://www.ovg.org.br/site/wp-content/uploads/2021/05/balanCo-impressAo-grAfica-revisado_reduce.pdf">Balanço Social 2019</a><br><br><a href="https://www.ovg.org.br/site/wp-content/uploads/2021/05/balanco-2018-eletronico-publicacao-compressed.pdf">Balanço Social 2018</a></p>



<p class="has-black-color has-text-color"><a href="https://www.ovg.org.br/site/wp-content/uploads/2021/05/revista-movimento-cidadania_edicao-especial-70-anos.pdf">Revista Movimento Cidadania &#8211; Edição Especial OVG 70 anos</a><br><br><a href="https://www.ovg.org.br/site/wp-content/uploads/2021/05/balanco-social-2017.pdf">Balanço Social 2017</a><br><br><a href="https://www.ovg.org.br/site/wp-content/uploads/2021/05/revista_movimento_cidadania_janeiro_2017.pdf">Revista Movimento Cidadania &#8211; janeiro de 2017</a><br><br><a href="https://www.ovg.org.br/site/wp-content/uploads/2021/05/balanco-2016-site-final.pdf">Balanço Social 2016</a><br><br><a href="https://www.ovg.org.br/site/wp-content/uploads/2021/05/balanco-social-site.pdf">Balanço Social 2015</a></p>

<p>Balanço Social 2023 Balanço Social 2022 Balanço Social 2021 Balanço Social 2020 Balanço Social 2019 Balanço Social 2018 Revista Movimento Cidadania &#8211; Edição Especial OVG 70 anos Balanço Social 2017&hellip;</p>
