{"id":804,"date":"2020-10-26T15:08:53","date_gmt":"2020-10-26T18:08:53","guid":{"rendered":"http:\/\/www.ovg.org.br\/site\/?page_id=804"},"modified":"2026-02-23T17:36:50","modified_gmt":"2026-02-23T20:36:50","slug":"parceiros","status":"publish","type":"page","link":"https:\/\/www.ovg.org.br\/site\/?page_id=804","title":{"rendered":"Rede de Parceiros do Bem"},"content":{"rendered":"\n<p><strong><strong>Uni\u00e3o, impacto e responsabilidade socioambiental<\/strong><\/strong><\/p>\n\n\n\n<p>A Rede de Parceiros do Bem re\u00fane organiza\u00e7\u00f5es que compartilham o compromisso com a transforma\u00e7\u00e3o social, alinhando solidariedade e gest\u00e3o respons\u00e1vel aos princ\u00edpios do ESG (<em>Environmental, Social, and Governance<\/em> &#8211;&nbsp;Ambiental, Social e Governan\u00e7a &#8211; ASG). Por meio da articula\u00e7\u00e3o com empresas, sindicatos, associa\u00e7\u00f5es de classe, \u00f3rg\u00e3os p\u00fablicos, institui\u00e7\u00f5es religiosas e entidades da sociedade civil organizada, a OVG potencializa a\u00e7\u00f5es e programas que promovem inclus\u00e3o, dignidade e oportunidades.<\/p>\n\n\n\n<p>Essa uni\u00e3o de for\u00e7as conecta doa\u00e7\u00f5es e coopera\u00e7\u00e3o t\u00e9cnica a resultados concretos, contribuindo diretamente para metas dos Objetivos de Desenvolvimento Sustent\u00e1vel, especialmente no enfrentamento da vulnerabilidade, na redu\u00e7\u00e3o das desigualdades e no fortalecimento de comunidades. Cada parceria amplia o alcance das entregas, refor\u00e7a a responsabilidade social dos setores envolvidos e ajuda a levar cidadania a quem mais precisa.<\/p>\n\n\n\n<p>Se a sua institui\u00e7\u00e3o acredita em impacto social com prop\u00f3sito, transpar\u00eancia e resultados, venha somar com a Rede de Parceiros do Bem. Fazer parte \u00e9 transformar solidariedade em a\u00e7\u00f5es reais, fortalecer comunidades e deixar um legado positivo. Junte-se a n\u00f3s.<\/p>\n\n\n\n<figure class=\"wp-block-image size-full\"><img loading=\"lazy\" decoding=\"async\" width=\"768\" height=\"200\" src=\"https:\/\/www.ovg.org.br\/site\/wp-content\/uploads\/2026\/02\/Parceiros-do-Bem-site-1.png\" alt=\"\" class=\"wp-image-29506\" srcset=\"https:\/\/www.ovg.org.br\/site\/wp-content\/uploads\/2026\/02\/Parceiros-do-Bem-site-1.png 768w, https:\/\/www.ovg.org.br\/site\/wp-content\/uploads\/2026\/02\/Parceiros-do-Bem-site-1-300x78.png 300w\" sizes=\"auto, (max-width: 768px) 100vw, 768px\" \/><\/figure>\n\n\n\n<figure class=\"wp-block-image size-full\"><img loading=\"lazy\" decoding=\"async\" width=\"768\" height=\"177\" src=\"https:\/\/www.ovg.org.br\/site\/wp-content\/uploads\/2021\/07\/Pagina-Fomentar-Produzir.jpg\" alt=\"\" class=\"wp-image-7556\" srcset=\"https:\/\/www.ovg.org.br\/site\/wp-content\/uploads\/2021\/07\/Pagina-Fomentar-Produzir.jpg 768w, https:\/\/www.ovg.org.br\/site\/wp-content\/uploads\/2021\/07\/Pagina-Fomentar-Produzir-300x69.jpg 300w\" sizes=\"auto, (max-width: 768px) 100vw, 768px\" \/><\/figure>\n\n\n\n<div class=\"wp-block-columns is-layout-flex wp-container-core-columns-is-layout-9d6595d7 wp-block-columns-is-layout-flex\">\n<div class=\"wp-block-column is-layout-flow wp-block-column-is-layout-flow\">\n<figure class=\"wp-block-image size-full\"><img loading=\"lazy\" decoding=\"async\" width=\"768\" height=\"300\" src=\"https:\/\/www.ovg.org.br\/site\/wp-content\/uploads\/2026\/02\/Parceiros-do-Bem-site-2-2-1-1.png\" alt=\"\" class=\"wp-image-29510\" srcset=\"https:\/\/www.ovg.org.br\/site\/wp-content\/uploads\/2026\/02\/Parceiros-do-Bem-site-2-2-1-1.png 768w, https:\/\/www.ovg.org.br\/site\/wp-content\/uploads\/2026\/02\/Parceiros-do-Bem-site-2-2-1-1-300x117.png 300w\" sizes=\"auto, (max-width: 768px) 100vw, 768px\" \/><\/figure>\n<\/div>\n<\/div>\n\n\n\n<p><\/p>\n\n\n\n<p><strong>Contato<\/strong><\/p>\n\n\n\n<p>Ger\u00eancia Estrat\u00e9gica de Neg\u00f3cios e Capta\u00e7\u00e3o de Recursos<br>Rua T-14, n\u00ba 249, Setor Bueno &#8211; Goi\u00e2nia\/GO<br>Tel.: (62) 3914-6686 | WhatsApp (62) 8443-0091 (apenas mensagens de texto)<br>E-mail: captacao@ovg.org.br<\/p>\n\n\n\n<p><\/p>\n","protected":false},"excerpt":{"rendered":"<p>Uni\u00e3o, impacto e responsabilidade socioambiental A Rede de Parceiros do Bem re\u00fane organiza\u00e7\u00f5es que compartilham o compromisso com a transforma\u00e7\u00e3o social, alinhando solidariedade e gest\u00e3o respons\u00e1vel aos princ\u00edpios do ESG&hellip;<\/p>\n","protected":false},"author":1,"featured_media":0,"parent":0,"menu_order":0,"comment_status":"closed","ping_status":"closed","template":"","meta":{"_acf_changed":false,"footnotes":""},"class_list":["post-804","page","type-page","status-publish","hentry"],"acf":[],"_links":{"self":[{"href":"https:\/\/www.ovg.org.br\/site\/index.php?rest_route=\/wp\/v2\/pages\/804","targetHints":{"allow":["GET"]}}],"collection":[{"href":"https:\/\/www.ovg.org.br\/site\/index.php?rest_route=\/wp\/v2\/pages"}],"about":[{"href":"https:\/\/www.ovg.org.br\/site\/index.php?rest_route=\/wp\/v2\/types\/page"}],"author":[{"embeddable":true,"href":"https:\/\/www.ovg.org.br\/site\/index.php?rest_route=\/wp\/v2\/users\/1"}],"replies":[{"embeddable":true,"href":"https:\/\/www.ovg.org.br\/site\/index.php?rest_route=%2Fwp%2Fv2%2Fcomments&post=804"}],"version-history":[{"count":26,"href":"https:\/\/www.ovg.org.br\/site\/index.php?rest_route=\/wp\/v2\/pages\/804\/revisions"}],"predecessor-version":[{"id":29511,"href":"https:\/\/www.ovg.org.br\/site\/index.php?rest_route=\/wp\/v2\/pages\/804\/revisions\/29511"}],"wp:attachment":[{"href":"https:\/\/www.ovg.org.br\/site\/index.php?rest_route=%2Fwp%2Fv2%2Fmedia&parent=804"}],"curies":[{"name":"wp","href":"https:\/\/api.w.org\/{rel}","templated":true}]}}

<p><strong><strong>União, impacto e responsabilidade socioambiental</strong></strong></p>



<p>A Rede de Parceiros do Bem reúne organizações que compartilham o compromisso com a transformação social, alinhando solidariedade e gestão responsável aos princípios do ESG (<em>Environmental, Social, and Governance</em> &#8211;&nbsp;Ambiental, Social e Governança &#8211; ASG). Por meio da articulação com empresas, sindicatos, associações de classe, órgãos públicos, instituições religiosas e entidades da sociedade civil organizada, a OVG potencializa ações e programas que promovem inclusão, dignidade e oportunidades.</p>



<p>Essa união de forças conecta doações e cooperação técnica a resultados concretos, contribuindo diretamente para metas dos Objetivos de Desenvolvimento Sustentável, especialmente no enfrentamento da vulnerabilidade, na redução das desigualdades e no fortalecimento de comunidades. Cada parceria amplia o alcance das entregas, reforça a responsabilidade social dos setores envolvidos e ajuda a levar cidadania a quem mais precisa.</p>



<p>Se a sua instituição acredita em impacto social com propósito, transparência e resultados, venha somar com a Rede de Parceiros do Bem. Fazer parte é transformar solidariedade em ações reais, fortalecer comunidades e deixar um legado positivo. Junte-se a nós.</p>



<figure class="wp-block-image size-full"><img loading="lazy" decoding="async" width="768" height="200" src="https://www.ovg.org.br/site/wp-content/uploads/2026/02/Parceiros-do-Bem-site-1.png" alt="" class="wp-image-29506" srcset="https://www.ovg.org.br/site/wp-content/uploads/2026/02/Parceiros-do-Bem-site-1.png 768w, https://www.ovg.org.br/site/wp-content/uploads/2026/02/Parceiros-do-Bem-site-1-300x78.png 300w" sizes="auto, (max-width: 768px) 100vw, 768px" /></figure>



<figure class="wp-block-image size-full"><img loading="lazy" decoding="async" width="768" height="177" src="https://www.ovg.org.br/site/wp-content/uploads/2021/07/Pagina-Fomentar-Produzir.jpg" alt="" class="wp-image-7556" srcset="https://www.ovg.org.br/site/wp-content/uploads/2021/07/Pagina-Fomentar-Produzir.jpg 768w, https://www.ovg.org.br/site/wp-content/uploads/2021/07/Pagina-Fomentar-Produzir-300x69.jpg 300w" sizes="auto, (max-width: 768px) 100vw, 768px" /></figure>



<div class="wp-block-columns is-layout-flex wp-container-core-columns-is-layout-9d6595d7 wp-block-columns-is-layout-flex">
<div class="wp-block-column is-layout-flow wp-block-column-is-layout-flow">
<figure class="wp-block-image size-full"><img loading="lazy" decoding="async" width="768" height="300" src="https://www.ovg.org.br/site/wp-content/uploads/2026/02/Parceiros-do-Bem-site-2-2-1-1.png" alt="" class="wp-image-29510" srcset="https://www.ovg.org.br/site/wp-content/uploads/2026/02/Parceiros-do-Bem-site-2-2-1-1.png 768w, https://www.ovg.org.br/site/wp-content/uploads/2026/02/Parceiros-do-Bem-site-2-2-1-1-300x117.png 300w" sizes="auto, (max-width: 768px) 100vw, 768px" /></figure>
</div>
</div>



<p></p>



<p><strong>Contato</strong></p>



<p>Gerência Estratégica de Negócios e Captação de Recursos<br>Rua T-14, nº 249, Setor Bueno &#8211; Goiânia/GO<br>Tel.: (62) 3914-6686 | WhatsApp (62) 8443-0091 (apenas mensagens de texto)<br>E-mail: captacao@ovg.org.br</p>



<p></p>

<p>União, impacto e responsabilidade socioambiental A Rede de Parceiros do Bem reúne organizações que compartilham o compromisso com a transformação social, alinhando solidariedade e gestão responsável aos princípios do ESG&hellip;</p>
